 = -x + j*x. Suppose 18 = x*w - 0. What are the prime factors of w?
2, 3
Let a = 8 - -4. Let j(r) = r + 4. What are the prime factors of j(a)?
2
Suppose 2 = -r - 1. List the prime factors of (-4)/r - (-303)/9.
5, 7
Suppose 0*q + 3*q = f + 7, 0 = -2*f + q + 6. Suppose 3*p + 4*v - 19 = 0, 2 + 6 = 2*v. Let r = p + f. What are the prime factors of r?
2, 3
Let v = -5 + 63. List the prime factors of v.
2, 29
Let d = 52 + -29. List the prime factors of d - (6/2)/3.
2, 11
Let p(d) = -2*d**2 - 9*d + 10. Let w(u) = -5*u**2 - 19*u + 21. Let a(z) = 7*p(z) - 3*w(z). Let h be a(5). Suppose -h*g + 3 = -g. List the prime factors of g.
3
Let g(n) = n**2 - 4*n + 5. Let s be g(4). What are the prime factors of 2/(-2 - -4)*s?
5
List the prime factors of (7/(-14))/(2/(-2*116)).
2, 29
Let q(z) be the first derivative of z**4/12 + z**3/3 - 7*z**2/2 - z - 2. Let k(p) be the first derivative of q(p). What are the prime factors of k(-5)?
2
Suppose 4*j - 4*w - 208 = 0, -3*j - 4*w = 2*j - 305. What are the prime factors of j?
3, 19
Let b = 21 - 10. What are the prime factors of b?
11
Let v be (-1)/(-4) - 92/(-16). Let b be (-2)/3 - (-196)/v. Suppose -2*x + b = 2*x. List the prime factors of x.
2
Let p(w) = -2*w - 23. Let q be p(-16). Let m(i) = -50*i. Let l be m(-1). Suppose q*s = 4*s + l. What are the prime factors of s?
2, 5
Let u(w) = w**3 + 6*w - 3. List the prime factors of u(4).
5, 17
Let y(r) = -r**3 + 3*r**2 + 4*r + 2. Let x be y(-2). Suppose 0 = 5*t - j - x, 0*j + 2 = t - j. What are the prime factors of t?
3
Let h(v) = -169*v - 5. List the prime factors of h(-1).
2, 41
Suppose 3 = -3*h, 2*v + v - 2*h - 5 = 0. List the prime factors of (-294)/(-12) + v/2.
5
Let k be (-2 + 1)*(-15)/1. Suppose -2*y + 71 - k = 0. List the prime factors of y.
2, 7
Suppose 0 = -5*j + 3*j + 34. List the prime factors of j.
17
Let y = 21 - -67. List the prime factors of (-2)/((-4)/y*2).
2, 11
Suppose 7*j - 3 = -2*r + 2*j, r + 5*j - 4 = 0. List the prime factors of 2*6/((-3)/r).
2
Let i = 3 - 2. Let v = 4 - i. Suppose 6*c - v*c = 6. What are the prime factors of c?
2
Suppose -h + 3 = -2. Suppose n = h*n. Suppose a = 5*a - 2*b - 4, n = 2*a + 4*b - 12. What are the prime factors of a?
2
Let i(r) = -r**3 + 10*r**2 - r + 15. What are the prime factors of i(9)?
3, 29
Let g(p) = p - 7. Let j be g(11). Let x be (-1)/2*(j + -6). What are the prime factors of x/(1*2/18)?
3
Let t(o) be the first derivative of 2*o**3/3 - 5*o**2/2 + 2. What are the prime factors of t(5)?
5
Let v = 62 + -34. Suppose -2*x - x - 39 = 0. Let z = x + v. List the prime factors of z.
3, 5
Suppose -l = x - 7, -2*x - 5*l + 38 - 9 = 0. Suppose -2*a - 20 = -6*a - 3*n, -a - x = -n. List the prime factors of a.
2
Suppose -5*n = 2*m - 36, -2*m - m = -5*n + 21. Suppose -n = -5*l + 4. Suppose -3*c + l*d + 12 = -7, 0 = 5*c + d - 36. List the prime factors of c.
7
Let i(s) = -s**2 + 3*s + 2. List the prime factors of i(3).
2
Let n(t) = -t + 14. Let w(c) = -c**2 - 3 + 1 + 1 - 8*c - 3. Let d be w(-3). What are the prime factors of n(d)?
3
Let v be -1*(-3 - (4 + -2)). Suppose -a = v*f - 5*a - 57, -5*f + 30 = 5*a. List the prime factors of f.
3
Let g(n) = n**2 - 4*n + 4. List the prime factors of g(8).
2, 3
What are the prime factors of 99/22*(13 + 1)?
3, 7
Let n = -9 - -46. Suppose -5*c + 31 = w - c, 2*w + 3*c - n = 0. What are the prime factors of w?
11
Let u(p) = -10*p - 33. What are the prime factors of u(-6)?
3
Suppose -3*z + 14 = -2*z. What are the prime factors of z?
2, 7
Suppose -2*w - 3*w + 55 = 0. Let d(r) = r**3 - 10*r**2 - 10*r - 7. Let l be d(w). Suppose -3 - l = -m. List the prime factors of m.
7
Suppose -2*f + 5 - 7 = 0. Let p = 6 + f. List the prime factors of p.
5
Let b(u) = -6*u - 6. List the prime factors of b(-7).
2, 3
List the prime factors of 4/(-14)*-7 + 8.
2, 5
Let z be 2/8 - (-35)/4. Let g be (z/12)/(3/12). Suppose -4*t + g*j + 16 = j, 2 = 2*t + 2*j. What are the prime factors of t?
3
Let i(w) = w. Suppose 3*q + q = 0. Let r be i(q). What are the prime factors of (r + 10)/(1 - 0)?
2, 5
Suppose 2*l = -0 + 26. What are the prime factors of l?
13
Let d be 4/1*1/2. Suppose 4*x - c - 89 = 0, x - d*x + 26 = -c. Let m = -2 + x. List the prime factors of m.
19
Let j(h) = h**3 - 10*h**2 + 8*h + 11. Let w be j(9). Suppose 4*k = w*o + 26, 2*k + 2*o + 4 - 2 = 0. What are the prime factors of k?
2
Let o(n) = n**2 - 5*n + 13. What are the prime factors of o(9)?
7
Let o = 77 + -22. What are the prime factors of o?
5, 11
Suppose -3*v - v = -8. Suppose v*p - 3*l = 57, 69 = 2*p - 2*l + 15. What are the prime factors of p?
2, 3
Suppose -r - 4*s + 21 + 11 = 0, -56 = -3*r - 2*s. Let h = r - 11. List the prime factors of h.
5
Suppose -c + 515 = 4*x - 0*x, -5*c = x - 105. Suppose -4*p + 4 = 0, 3*s + 2*p + 32 = x. What are the prime factors of s?
2
Let l(j) = 2*j - 9. Let q be l(6). Let a(g) = g**2 - 3*g + 4. Let n be a(q). Suppose -5*w - 8 = -2*v - 3*w, 0 = n*w. List the prime factors of v.
2
Suppose 0 = -4*q + 4 + 8. Let m be (-3)/9 - (-1)/q. Suppose -3*w + 8*w - 40 = m. List the prime factors of w.
2
Let j(v) be the first derivative of 2*v**3/3 - 3*v**2/2 + 2*v - 2. List the prime factors of j(2).
2
Let v(b) = b**2 + 3*b + 4. What are the prime factors of v(-6)?
2, 11
Let w = 0 - -2. Suppose w*b - 4*u = 128, -u - 79 + 371 = 4*b. Suppose -2*c + 21 = m - c, 4*m + c = b. What are the prime factors of m?
17
Suppose -2*r = 5*c - 15, 6 + 3 = 3*c - r. Let z(w) = 2*w + 4 - w**3 - 7*w**2 + 1 - c*w. List the prime factors of z(-7).
2, 3
Let l be (-15)/4 - (-1)/(-4). Suppose -23 = 5*g + 47. Let n = l - g. List the prime factors of n.
2, 5
Suppose 0*b - 4*b + 96 = 0. Let v = 8 + b. What are the prime factors of v?
2
Let w = -11 + 26. List the prime factors of w.
3, 5
Let u = 4 + -2. Let s(b) be the third derivative of b**5/30 - b**3/6 - 2*b**2. What are the prime factors of s(u)?
7
Let w be 3 + 1 + -5 + 2. List the prime factors of (-1)/(((-3)/63)/w).
3, 7
Suppose -4*s - 1068 = -5*q, 0 = q - 10*s + 9*s - 213. List the prime factors of q.
2, 3
Let i(h) = -h**2 + 13*h - 7. What are the prime factors of i(12)?
5
Suppose -t + 103 = 4*l, -3*t + l = 4 - 261. List the prime factors of t.
3, 29
Suppose -40 = -r + 4*t, -3*r - 3*t + 0*t + 90 = 0. List the prime factors of r.
2
Suppose -5*o - 3*a = 84, -o - 2*a = a + 24. Let z = 7 + o. Let f = z - -21. List the prime factors of f.
13
Suppose -4*z + 3*g + 18 = 0, 5*g = 3*z - z - 16. Let m(l) be the third derivative of l**4/12 + l**3/3 + 2*l**2. What are the prime factors of m(z)?
2
Let k = 5 - 21. Let t(q) = -4*q. Let a be t(-6). Let b = a + k. List the prime factors of b.
2
Let k = -208 + 317. List the prime factors of k.
109
Let m(t) be the second derivative of t**5/20 - 7*t**4/12 + 7*t**3/6 + t**2 + t. Suppose -8 + 32 = 4*r. List the prime factors of m(r).
2
Let f(l) = 2*l**2 + 6*l - 6. Let q(o) be the first derivative of -o**3/3 + o**2/2 + 2. Let h(b) = -f(b) - 3*q(b). What are the prime factors of h(9)?
2, 3
Suppose -175 = a - 8*a. What are the prime factors of a?
5
Let d = -58 + 199. List the prime factors of d.
3, 47
Suppose 560 = 4*q - 5*x, -3*q - 2*q + 2*x + 700 = 0. What are the prime factors of q?
2, 5, 7
Let a(l) = -l - 8. Let u be a(11). Let n = u + 34. List the prime factors of n.
3, 5
Let v = 23 - 49. Suppose x = -2*q + 75, -3*q + 114 = -2*x + 4*x. Let l = q + v. What are the prime factors of l?
2, 5
Let t(i) = 0*i**3 - 5 - 3*i**2 - 4*i**2 + 6*i + i**3. Let u be t(7). Suppose o + 8 = w, -5*w = -3*o - o - u. List the prime factors of w.
5
Let o = 0 + 6. List the prime factors of o.
2, 3
Let q = 5 - 1. Suppose -25 = -m - q*m. Suppose 2*z - 3 - 7 = 0, 3*f = -m*z + 70. List the prime factors of f.
3, 5
Suppose 0 = 7*c - c - 792. What are the prime factors of c?
2, 3, 11
Let q = 5 - 11. List the prime factors of 29 + q*(-1)/(-2).
2, 13
Let p(f) = 4*f**2 - 9*f. Let r be p(6). Suppose -5*n + 20 = -r. List the prime factors of n.
2, 11
Suppose -492 = -4*s - 3*f, 4*s + 228 = -f + 720. What are the prime factors of s?
3, 41
Let p be 6/5*(-60)/(-18). Suppose -f + 4*s = 6*s - 24, -2*f + p*s = -32. List the prime factors of f.
2, 5
Let d(i) = 13*i. Let t be d(-1). Let x = t + 30. Suppose 4*w = 3*w + x. List the prime factors of w.
17
Let u = 3 + 1. Let i be (u/(-8))/((-2)/(-40)). What are the prime 